{"id":2,"date":"2016-05-10T03:48:21","date_gmt":"2016-05-10T03:48:21","guid":{"rendered":"http:\/\/www.restaurant-algarve.com\/?page_id=2"},"modified":"2022-07-10T21:10:39","modified_gmt":"2022-07-10T21:10:39","slug":"sample-page","status":"publish","type":"page","link":"https:\/\/www.restaurant-algarve.com\/?page_id=2","title":{"rendered":"Impressum"},"content":{"rendered":"<div class=\"gridContainer\">\n<h3>Herausgeber<\/h3>\n<p>Restaurant Algarve<br \/>\nAurelio Pires<br \/>\nVon-Coels-Str. 199<br \/>\n52080 Aachen<\/p>\n<p>Tel. +49 (0) 241 522818<br \/>\nEmail: info@restaurant-algarve.com<\/p>\n<\/div>\n<div class=\"gridContainer\">\n<p>Gerichtsstand: Aachen<\/p>\n<\/div>\n<div class=\"gridContainer\">\n<h3><\/h3>\n<h3>Inhaber<\/h3>\n<\/div>\n<div class=\"gridContainer\">\n<p>Aurelio Pires<\/p>\n<\/div>\n<div class=\"gridContainer\">\n<h3><\/h3>\n<h3>Verantwortlich f\u00fcr den Inhalt im Sinne des Presserechts<\/h3>\n<\/div>\n<div class=\"gridContainer\">\n<p>Aurelio Pires<\/p>\n<\/div>\n<div class=\"gridContainer\">\n<h3><\/h3>\n<h3>Rechtlicher Hinweis \u2013 Au\u00dfergerichtliche Streitbeilegung<\/h3>\n<\/div>\n<div class=\"gridContainer\">\n<p>Aufgrund einer gesetzlichen Verpflichtung sind wir verpflichtet, Sie unabh\u00e4ngig von unserer Teilnahme an einem Verfahren zur alternativen Streitbeilegung dar\u00fcber zu informieren, dass die Europ\u00e4ische Kommission zur au\u00dfergerichtlichen Streitbeilegung von verbraucherrechtlichen Streitigkeiten eine Plattform zur Online-Streitbeilegung (OS) eingerichtet hat. Die Plattform finden Sie unter\u00a0<a href=\"http:\/\/ec.europa.eu\/consumers\/odr\/\">http:\/\/ec.europa.eu\/consumers\/odr\/<\/a>.<\/p>\n<\/div>\n<div class=\"gridContainer\">\n<h3><\/h3>\n<h3>Hinweis gem\u00e4\u00df \u00a7 36 VSBG<\/h3>\n<\/div>\n<div class=\"gridContainer\">\n<p>Wir sind weder bereit noch verpflichtet, an Streitbeilegungsverfahren vor einer Verbraucherschlichtungsstelle teilzunehmen.<\/p>\n<\/div>\n<div class=\"gridContainer\">\n<h3><\/h3>\n<h3>Urheberrecht<\/h3>\n<\/div>\n<div class=\"gridContainer\">\n<p>Das Urheberrecht an dem Inhalt dieser Webseite oder Teilen davon steht dem Restaurant Algarve oder demjenigen zu, der dem Restaurant Algarve ein entsprechendes Nutzungsrecht einger\u00e4umt hat. Einzelne Seiten dieser Webseite d\u00fcrfen zum ausschlie\u00dflichen Gebrauch innerhalb Ihres Unternehmens herunter geladen, vor\u00fcbergehend gespeichert und gedruckt werden. Jede andere Vervielf\u00e4ltigung, \u00dcbertragung oder Verbreitung jeglichen Inhalts dieser Webseite, insbesondere durch Herunterladen, Speichern oder Drucken, ist ohne die ausdr\u00fcckliche Einwilligung des Restaurant Algarve verboten. Anfragen hierzu richten Sie bitte an restaurant-algarve@gmx.de<\/p>\n<\/div>\n<div class=\"gridContainer\">\n<h3><\/h3>\n<h3>Informationen und Haftung<\/h3>\n<\/div>\n<div class=\"gridContainer\">\n<p>Es wurden alle Anstrengungen unternommen, um die Richtigkeit der auf dieser Website enthaltenen Informationen und Links zu gew\u00e4hrleisten. Jedoch ist jegliche Haftung im Zusammenhang mit der Nutzung der Informationen, der Links oder dem Vertrauen auf deren Richtigkeit ausgeschlossen.<\/p>\n<\/div>\n<div class=\"gridContainer\">\n<h3><\/h3>\n<h3>Anwendbares Recht<\/h3>\n<\/div>\n<div class=\"gridContainer\">\n<p>Die rechtlichen Hinweise auf dieser Seite sowie alle Fragen und Streitigkeiten im Zusammenhang mit dieser Webseite unterliegen dem Recht der Bundesrepublik Deutschland.<\/p>\n<\/div>\n<div class=\"gridContainer\">\n<h3><\/h3>\n<h3>Disclaimer<\/h3>\n<\/div>\n<div class=\"gridContainer\">\n<p>Alle Angaben auf den Internetseiten des Restaurant Algarve haben wir sorgf\u00e4ltig gepr\u00fcft. Trotz aller Sorgfalt kann eine Haftung oder Garantie f\u00fcr die Richtigkeit, Vollst\u00e4ndigkeit und Aktualit\u00e4t der Daten nicht \u00fcbernommen werden. Dies gilt auch f\u00fcr alle anderen Websites, auf die mit Hyperlinks verwiesen wird. Restaurant Algarve ist f\u00fcr den Inhalt der Websites, die aufgrund einer solchen Verbindung erreicht werden, nicht verantwortlich. Wir behalten uns das Recht vor, Aktualisierungen, \u00c4nderungen oder Erg\u00e4nzungen an den bereitgestellten Informationen und Daten vorzunehmen.<\/p>\n<\/div>\n<div class=\"gridContainer\">\n<h3><\/h3>\n<h3>Weblinks<\/h3>\n<\/div>\n<div class=\"gridContainer\">\n<p>Diese Website enth\u00e4lt HyperLinks zu anderen Seiten. Mit dem Urteil vom 12. Mai 1998 hat das Landgericht zu Hamburg entschieden, dass man sich durch die Verwendung von HyperLinks ggf. f\u00fcr Inhalte der gelinkten Seiten mit zu verantworten hat. Dies kann jedoch, laut dem LG, durch eine ausdr\u00fcckliche Distanzierung von den gelinkten Seiten verhindert werden. Wir pr\u00fcfen die gelinkten Seiten sorgf\u00e4ltig. Webseiten unterliegen jedoch einem st\u00e4ndigen Wandel. Aus diesem Grund ist es uns nicht m\u00f6glich, alle Links und die dahinter liegenden Seiten st\u00e4ndig zu pr\u00fcfen. Hiermit distanzieren wir uns ausdr\u00fccklich von allen Inhalten, die gegen geltendes Recht, Anstand, Sitte oder Moral versto\u00dfen. Die Verantwortung f\u00fcr die Inhalte der Seiten, in Bild, Ton und Schrift, liegt ausschlie\u00dflich bei den Autoren der Seiten. Wir haben keinen Einfluss auf die Inhalte der gelinkten Seiten! Wenn eine Seite mit Inhalten, die den oben genannte Bestimmungen widersprechen, uns zur Kenntnis gelangt, angezeigt oder gemeldet wird, entfernen wir sofort diese oder einen Link darauf.<\/p>\n<\/div>\n<div class=\"gridContainer\">\n<p>Die hier genannte Erkl\u00e4rung gilt f\u00fcr alle Seiten unserer Website.<\/p>\n<\/div>\n<div class=\"gridContainer\">\n<h3><\/h3>\n<h3>Copyright<\/h3>\n<\/div>\n<div class=\"gridContainer\">\n<p>Struktur und Inhalt der Website des Restaurant ALgarve sind urheberrechtlich gesch\u00fctzt. Die Vervielf\u00e4ltigung von Informationen oder Daten, insbesondere die Verwendung von Texten, Textteilen oder Bildmaterial bedarf der vorherigen Zustimmung des Restaurant Algarve.<\/p>\n<\/div>\n","protected":false},"excerpt":{"rendered":"<p>Herausgeber Restaurant Algarve Aurelio Pires Von-Coels-Str. 199 52080 Aachen Tel. +49 (0) 241 522818 Email: info@restaurant-algarve.com Gerichtsstand: Aachen Inhaber Aurelio Pires Verantwortlich f\u00fcr den Inhalt im Sinne des Presserechts Aurelio Pires Rechtlicher Hinweis \u2013 Au\u00dfergerichtliche Streitbeilegung Aufgrund einer gesetzlichen Verpflichtung sind wir verpflichtet, Sie unabh\u00e4ngig von unserer Teilnahme an einem Verfahren zur alternativen Streitbeilegung dar\u00fcber [&hellip;]<\/p>\n","protected":false},"author":1,"featured_media":0,"parent":0,"menu_order":0,"comment_status":"closed","ping_status":"open","template":"","meta":{"footnotes":""},"class_list":["post-2","page","type-page","status-publish","hentry","entry"],"_links":{"self":[{"href":"https:\/\/www.restaurant-algarve.com\/index.php?rest_route=\/wp\/v2\/pages\/2","targetHints":{"allow":["GET"]}}],"collection":[{"href":"https:\/\/www.restaurant-algarve.com\/index.php?rest_route=\/wp\/v2\/pages"}],"about":[{"href":"https:\/\/www.restaurant-algarve.com\/index.php?rest_route=\/wp\/v2\/types\/page"}],"author":[{"embeddable":true,"href":"https:\/\/www.restaurant-algarve.com\/index.php?rest_route=\/wp\/v2\/users\/1"}],"replies":[{"embeddable":true,"href":"https:\/\/www.restaurant-algarve.com\/index.php?rest_route=%2Fwp%2Fv2%2Fcomments&post=2"}],"version-history":[{"count":3,"href":"https:\/\/www.restaurant-algarve.com\/index.php?rest_route=\/wp\/v2\/pages\/2\/revisions"}],"predecessor-version":[{"id":97,"href":"https:\/\/www.restaurant-algarve.com\/index.php?rest_route=\/wp\/v2\/pages\/2\/revisions\/97"}],"wp:attachment":[{"href":"https:\/\/www.restaurant-algarve.com\/index.php?rest_route=%2Fwp%2Fv2%2Fmedia&parent=2"}],"curies":[{"name":"wp","href":"https:\/\/api.w.org\/{rel}","templated":true}]}}